 -2*q - 21 = 5*r + 7. Calculate j(q).
-7
Let c(k) = -k - 7. Suppose -385 = -4*o - 65. Let q = o - 45. Suppose 3*a + 4*r + 31 = 0, 3*r = 4*a + 2*r + q. Determine c(a).
2
Suppose 4*q - s = 2, 0*s - 4*s + 7 = -q. Let h(f) = f**2 - f - 1. Let r(b) = 5*b**2 - 4*b - 6. Let x(m) = q*r(m) - 4*h(m). Let y = -1 - -5. Determine x(y).
14
Let o = 7 + -14. Let z(h) = -h**3 - h**2 - 2. Suppose 1558*s - 1567*s + 18 = 0. Let g(v) = -v**3 + 4*v**2 - 5*v + 3. Let a(f) = s*z(f) - g(f). Calculate a(o).
7
Let b(w) be the third derivative of -9*w**5/4 - w**4/8 - w**3/3 - 2*w**2 - 5*w + 12. Give b(-1).
-134
Let x(u) be the second derivative of -u**3/6 + 3*u**2/2 + 1926*u. Suppose -10*w = -26 - 34. Calculate x(w).
-3
Let k(w) = -3*w**2 - 13*w - 9. Let h(j) = j**2 + 6*j + 4. Let t(p) = 5*h(p) + 2*k(p). Suppose 2*f - 3*q = 27, 4*q + 19 = 12*f - 15*f. Give t(f).
5
Let j = -3803 + 3809. Let m(r) = -2*r**2 + 14*r - 3. Determine m(j).
9
Let s(c) = 122 + c**2 - 2*c - 119 + 6*c - 2*c**2 - 6*c. Let k(j) = 9 - 4*j**2 - 8 + j + j. Let v be k(-1). What is s(v)?
-12
Let y(o) = -5*o**2 + o - 1. Let w be (11 - (-1469)/(-65))*10/(-4). Let s(k) = 2*k**2 - 2*k + 3. Let g be s(-3). Let r = g - w. What is y(r)?
-23
Let i(m) be the first derivative of m**3/3 + 5*m**2/2 - 2*m + 1. Suppose 0 = -4*f + 3*c - 20, -3*c - 50 = -3*f - 65. Give i(f).
-2
Let m(x) = x - 10. Suppose -2*y + 4*z = 80, 0*y + 2*z - 136 = 3*y. Let o(d) = -d**2 - 52*d - 178. Let r be o(y). Calculate m(r).
4
Let r(u) = 5*u**2 + 2*u - 1. Suppose -15*k - 4109 + 1289 = 0. Let h = 186 + k. Give r(h).
15
Let r(t) = -t**3 + 2*t**2 + t - 1. Suppose -2*l + 36*l = 136. Determine r(l).
-29
Let t(x) = 3*x**3 + 2*x**2 - x + 6. Let a(g) be the first derivative of 1/2*g**2 + g + 1/4*g**4 + 5 - 1/3*g**3. Let v(m) = -4*a(m) + t(m). What is v(5)?
2
Let v(n) = -24*n. Suppose 14 - 126 = -7*w. Suppose 2*s + 2*f - 2 = 0, -2*s + w = -6*s + f. Let a be ((-1)/s)/((-1 - -3)/(-6)). Determine v(a).
24
Let a(r) = -r**3 - 4*r**2 + 12*r - 5. Suppose -3*d = 5*l + 330, 2*l + 440 = -4*d + 5*l. Let v = -116 - d. Calculate a(v).
-5
Let d(k) = -k**2 - 2*k + 5. Suppose -j = -4*j - 3*r + 18, j + 2*r = 5. Let y = j + -6. Let q be (-250)/60 + y/6. What is d(q)?
-3
Let h(g) = -g**3 - 8*g**2 - 7*g - 7. Let r be ((4785/(-58))/33)/(2/4). What is h(r)?
-47
Let v(l) = -2*l**2 - 56*l + 22. Let o be v(-28). Let k = o + -14. Let c(s) = -8 + s + 2*s - k*s + 6*s. Calculate c(7).
-1
Let z = -344 - -337. Let a(k) = 9*k + 28. Give a(z).
-35
Let f(g) = -16 + 44 + 41106*g - 41097*g. Determine f(-7).
-35
Let m = -56 + 56. Let o(b) be the second derivative of -b**4/12 - b**3/6 + 3*b**2/2 + 129*b. Determine o(m).
3
Let w(q) = -11*q + 12. Let j(r) = 9*r - 11. Let z(s) = -4*j(s) - 3*w(s). Suppose -4*o - h + 110 = 0, -5*o = -3*h + 8*h - 130. Let k = o + -21. Calculate z(k).
-13
Let i = -144383/24 + 6016. Let h(g) be the third derivative of 0*g - 16*g**2 + 1/2*g**3 + 0 + i*g**4. Give h(-7).
-4
Let x(n) = -2*n**2 - 23*n - 19. Let f(v) = -8*v**2 - 110*v - 78. Let p(a) = -2*f(a) + 9*x(a). Calculate p(5).
0
Let j(k) = -6*k - 13*k**2 + 48*k**2 - 36*k**2. Give j(0).
0
Let y(t) be the second derivative of t**4/12 - 5*t**3/3 + 13*t**2/2 + 1768*t - 1. Give y(9).
4
Let y be (-2 - -4) + -5 + 23. Suppose -2*n + 8 = -2*x, 3*x = -4*n + 3*n + y. Let c(m) be the first derivative of m**2/2 - 7*m - 546. Give c(n).
1
Let d be 36/(-10) + 2/(-5). Let b(w) be the first derivative of -1/4*w**4 + 5*w - w**3 + 5/2*w**2 - 10. Determine b(d).
1
Let z be (3/2)/((-1)/(-2)). Let b(w) = -85*w**2 + 3 + 32*w**2 + 30*w**2 - z*w + 29*w**2. Let r(a) = -a**2 - 1. Let t(q) = b(q) + 5*r(q). Determine t(6).
16
Suppose -3*h + 8*h = -2*h. Let c(m) = m**2 - 6*m - 13. Let w(a) = -a + 1. Let o(y) = c(y) - 6*w(y). What is o(h)?
-19
Let r(c) = c**3 - 7*c**2 + 9*c - 64. Let y be r(7). Let l(m) = -53*m**3 - m**2 - m. Give l(y).
53
Suppose 167*g + 462 = 90*g. Let s(i) = -i**2 + 17*i + 131. Calculate s(g).
-7
Suppose 20 = -39*n + 43*n + 2*l, 2*n + 3*l = 14. Let o(z) = -2*z**2 + 8*z - 3. Give o(n).
-3
Let m(r) = -13*r - 34. Let z be m(-4). Suppose 0*v - 3*v + z = -5*s, -v = 2*s + 5. Let p(h) = h**3 - h**2 - 3*h - 1. What is p(s)?
-28
Let l(z) = 34*z + 18. Let j(i) = 39*i + 17. Let g(w) = 5*j(w) - 6*l(w). Let t(h) = -5*h - 12. Let d(u) = -4*g(u) + 7*t(u). What is d(6)?
14
Let t(n) = -4*n**3. Suppose 3*f = 24 - 18. Suppose 3*g + g + 5*q = 21, -f*g - 22 = -4*q. Give t(g).
4
Suppose 2*a + 3*b - 5*b + 6 = 0, 5*b = -4*a + 15. Let q(v) = -4*v**2 + a*v**2 - 34*v + 2*v**2 + 35*v + 3 + 0. Give q(2).
-3
Let m(a) = -a**2 + 15*a - 8. Let y be m(14). Let p(g) = y*g - 4 - 5*g + 0*g. Determine p(8).
4
Let k(y) = -y**3 + 5*y**2 + 4*y - 1. Let j(u) = -u**3 - 3*u**2 + 104*u - 42. Let a be j(-12). What is k(a)?
-13
Let v(o) = -2*o**2 - 3*o. Suppose 13*p - 12*p + 25 = 0. Let k be 12/21 - (p/(-7) - -2). Let d(f) = f + 3. Let x be d(k). Give v(x).
-2
Let x(g) = g**2 - 15*g + 43. Suppose 86*s - 552 = 7*s + 10*s. Give x(s).
-13
Suppose -4*j = -4*t + 32, 5*j - 4 = -3*t + 3*j. Let g be (t/8)/(1/(-18)). Let a(i) = i**2 + 8*i - 10. Calculate a(g).
-1
Let v(b) = -b**2 - b + 1. Let z(g) = -9. Let m(s) = 3. Let y(a) = 7*m(a) + 2*z(a). Let o(k) = -2*v(k) + y(k). Let n = 456 - 458. Calculate o(n).
5
Suppose 2366*s + 104 = 2418*s. Let u(o) = -o**2 + 8*o - 14. What is u(s)?
-2
Let u(h) = -32*h + 172. Let w be u(5). Let d(q) = -14*q - 1. Let a be d(-1). Let c(y) = -y**3 + a*y - w*y + y**2 + 3*y**2. What is c(4)?
4
Suppose 158*l + 6 = -o + 157*l, 5*l = 2*o - 2. Let n(c) = -2*c**2 + 9*c + 25. Determine n(o).
-43
Let k be (21 - 7 - 5)*1. Let s(m) = k - 8 + 3 + m + 1. Calculate s(-2).
3
Let k(g) be the third derivative of 7*g**5/120 - g**4/8 - 13*g**3/3 - g**2 - 24. Let q(n) be the first derivative of k(n). Give q(4).
25
Let f(x) = x**2 + 77*x - 3 + 10 - 84*x. Let w(p) = p**3 - 4*p**2 + 6*p - 7. Let l be w(3). Let b be l/((-27)/(-5) + -5). Give f(b).
-3
Let k(x) be the second derivative of x**4/12 - x**3/2 - 2*x**2 + 2*x. Let b be k(3). Let y(j) = j + 85 - 40 - 42. What is y(b)?
-1
Let i(q) = -51*q - 7 - 6 - 221*q - 43*q - q**2 + 321*q. Let r = -8 + 12. Calculate i(r).
-5
Let b(s) = -s**2 - 481*s + 1962. Let v be b(4). Let x(f) = -f**3 + 23*f**2 - 20*f - 17. Give x(v).
27
Let g(f) = f + 17. Let o(m) = 3*m + 39. Let i(q) = 10*g(q) - 3*o(q). Calculate i(7).
60
Suppose 3*j = c + c + 47, -5*c = 3*j - 61. Suppose -j*m = -21*m + 584. Let b(w) = m*w - 6*w**2 - 9 + 14*w**2 + w**3 - 147*w. Calculate b(-8).
-1
Let g(a) = 94*a**3 + 24*a**2 + 11*a. Let u(p) = 63*p**3 + 15*p**2 + 7*p. Let m(b) = 5*g(b) - 8*u(b). Calculate m(1).
-35
Let x(o) = 84*o - 9246. Let w be x(110). Let c = -8 + 11. Let j(s) = c - s**3 - 3*s**2 + s**2 - 5*s**2 - 6*s. Calculate j(w).
3
Suppose 5*m = -3*d + 210 - 62, 4*d - m - 228 = 0. Suppose -w = 3*f - d, -5*f + 4*w - 2*w = -97. Suppose 0 = 15*s - f*s + 8. Let n(p) = p**2 + p. What is n(s)?
6
Let c be 2/((-4)/(-6)) + -3. Let s(v) = -5*v**2 + 7*v + 8. Let w(x) = -3*x**2 + 5*x + 6. Let m(i) = 2*s(i) - 3*w(i). Calculate m(c).
-2
Suppose 12 + 36 = 4*g. Suppose -5*r = -2*r + g, -5*r = -5*y. Let x(v) be the second derivative of -v**4/12 - v**3/2 - v**2 + 15089*v - 2. What is x(y)?
-6
Suppose -5*l - 61 + 81 = 0. Let w(d) = -d + 1. Let y(b) = -3*b + 17. Let k(i) = l*w(i) - y(i). What is k(-6)?
-7
Let t(u) be the third derivative of -u**5/60 - 7*u**4/24 + 31*u**3/3 - 2*u**2 + 257*u + 4. Give t(-14).
-36
Suppose -7 = 3*g - 22. Suppose -g*u = 2*a + a + 73, a + 2*u + 26 = 0. Let s(w) = -w**3 - 17*w**2 - 17*w - 23. Calculate s(a).
-7
Let o(d) = 35*d - 12. Let v(l) = -7*l - 2. Let m(a) = -o(a) - 6*v(a). Give m(-14).
-74
Let b(c) = 22*c**2 - 2*c + 13376. Let r(k) = 10*k**2 - k + 5945. Let f(q) = -4*b(q) + 9*r(q). Let m be (-10)/(-2) + 0/(-1). Let a = m - 3. What is f(a)?
7
Let w(i) be the third derivative of -i**6/120 + i**5/15 - i**4/8 + 37*i**3/6 + 1789*i**2. Determine w(5).
-3
Let w be 2/10 - 39/(-5). Let u = 1 - w. Let d(k) = -7*k**3 + 2. Let f(l) = 27*l**3 - 6*l**2 + 6*l - 14. Let b(o) = -4*d(o) - f(o). Give b(u).
-1
Let h = -10683 - -10682. Let j(w) be the first derivative of -7*w**2 - w + 2. What is j(h)?
13
Let x(w) = -3 + 0*w - 3*w + 2*w. Let j(q) be the third derivative of q**6/30 + q**5/15 + 5*q**4/24 + q**3/6 + 92*q**2. Let s be j(-1). Calculate x(s).
1
Let m(r) = 